is the greatest common divisor of 225 and 1773?
9
Calculate the highest common divisor of 230147 and 19.
19
Calculate the greatest common divisor of 37637 and 4453.
61
What is the highest common divisor of 1475 and 525?
25
What is the highest common divisor of 13064 and 18952?
184
Calculate the greatest common factor of 68253 and 3.
3
Calculate the highest common divisor of 52 and 79014.
26
Calculate the highest common factor of 2480 and 8370.
310
What is the highest common divisor of 120 and 1208?
8
What is the highest common factor of 121765 and 10?
5
What is the greatest common factor of 32850 and 292?
146
What is the highest common factor of 36 and 79875?
9
Calculate the highest common factor of 38391 and 2613.
201
What is the greatest common factor of 136 and 4434824?
136
Calculate the highest common divisor of 4691100 and 200.
100
What is the highest common factor of 12 and 690864?
12
Calculate the greatest common factor of 12 and 6414.
6
What is the greatest common divisor of 15531 and 589?
31
What is the greatest common divisor of 192683 and 129?
43
Calculate the highest common factor of 1199856 and 672.
336
What is the greatest common factor of 514824 and 342?
114
Calculate the greatest common divisor of 53005 and 5.
5
Calculate the highest common factor of 89 and 2848.
89
Calculate the highest common divisor of 31346 and 1050.
14
What is the highest common factor of 1534 and 149034?
118
What is the highest common factor of 815 and 181419?
163
What is the highest common divisor of 35 and 32256?
7
Calculate the greatest common divisor of 69760 and 480.
160
What is the highest common factor of 7458444 and 28?
28
What is the highest common factor of 81 and 32880?
3
What is the greatest common factor of 3596 and 9238?
62
What is the greatest common factor of 349188 and 1344?
84
Calculate the highest common divisor of 391222 and 12478.
734
What is the greatest common factor of 6223608 and 48?
24
What is the greatest common divisor of 761 and 9?
1
What is the greatest common divisor of 31860 and 36285?
885
Calculate the highest common factor of 6560 and 2018840.
1640
What is the greatest common factor of 8754 and 150?
6
What is the greatest common divisor of 258 and 1196346?
258
What is the highest common factor of 35040 and 2680?
40
Calculate the highest common divisor of 63920 and 329.
47
Calculate the greatest common divisor of 12875 and 721.
103
What is the highest common factor of 19643 and 117?
13
What is the greatest common divisor of 1366 and 142?
2
Calculate the greatest common factor of 23000 and 368.
184
Calculate the greatest common divisor of 1869 and 20292.
267
What is the highest common factor of 1387 and 7961?
19
Calculate the highest common divisor of 416 and 3468400.
208
Calculate the greatest common divisor of 8 and 338344.
8
Calculate the highest common factor of 10820 and 340.
20
Calculate the highest common divisor of 325 and 36015.
5
Calculate the highest common factor of 1022 and 8322.
146
Calculate the highest common factor of 1275 and 6120.
255
Calculate the greatest common divisor of 93327 and 39.
39
Calculate the greatest common divisor of 390 and 92790.
30
Calculate the highest common divisor of 486 and 16078338.
486
What is the highest common divisor of 4764 and 750?
6
Calculate the greatest common factor of 193651 and 6881.
983
What is the highest common factor of 524 and 165453?
131
Calculate the greatest common divisor of 19240 and 728.
104
Calculate the greatest common factor of 3024075 and 50.
25
What is the greatest common factor of 63867 and 366?
183
Calculate the greatest common factor of 6786 and 10701.
261
What is the highest common factor of 398224 and 16?
16
Calculate the highest common divisor of 12793 and 11.
11
Calculate the highest common factor of 1569542 and 9010.
1802
What is the highest common divisor of 1350 and 3125?
25
What is the highest common factor of 84790 and 70?
10
What is the highest common divisor of 1311072 and 192?
96
Calculate the highest common factor of 1581343 and 9197.
541
What is the highest common divisor of 1725 and 12903?
69
What is the greatest common divisor of 79965 and 495?
45
What is the greatest common divisor of 371 and 75419?
53
Calculate the greatest common factor of 1297212 and 24.
12
Calculate the greatest common divisor of 5495295 and 130.
65
Calculate the greatest common factor of 520 and 1106755.
65
Calculate the highest common factor of 1181620 and 5330.
410
Calculate the greatest common divisor of 24271 and 3.
1
Calculate the greatest common factor of 21625 and 1903.
173
Calculate the greatest common factor of 3834 and 513.
27
Calculate the highest common factor of 651196 and 52.
52
Calculate the highest common divisor of 282 and 7191.
141
What is the highest common divisor of 29265 and 5?
5
Calculate the highest common divisor of 35930 and 270.
10
What is the highest common divisor of 416 and 105352?
104
Calculate the greatest common factor of 33507 and 63.
9
What is the highest common factor of 1595 and 1073?
29
Calculate the greatest common divisor of 9280 and 920.
40
Calculate the highest common divisor of 150 and 321750.
150
What is the greatest common factor of 11207 and 28?
7
What is the greatest common divisor of 182054 and 908?
454
What is the greatest common factor of 83490 and 60?
30
What is the greatest common divisor of 5064 and 5794904?
1688
What is the greatest common divisor of 4433 and 36487?
341
Calculate the highest common divisor of 3022490 and 2524.
1262
What is the highest common factor of 2068 and 204215?
517
What is the greatest common divisor of 2869128 and 888?
888
What is the highest common divisor of 796922 and 14?
14
What is the highest common factor of 8939 and 692134?
1277
What is the highest common divisor of 674 and 1893266?
674
What is the highest common factor of 394026 and 17?
17
Calculate the highest common factor of 2650 and 7685.
265
What is the highest common factor of 8 and 14410472?
8
What is the highest common divisor of 21074 and 410?
82
Calculate the highest common divisor of 237406 and 78.
26
Calculate the greatest common divisor of 1 and 9926.
1
Calculate the highest common factor of 642 and 47080.
214
Calculate the highest common factor of 6341 and 5593.
17
Calculate the greatest common factor of 81 and 13599.
9
Calculate the highest common divisor of 233050 and 3835.
295
What is the highest common factor of 112 and 375676?
28
What is the highest common factor of 32181 and 357?
51
Calculate the highest common divisor of 47027 and 37.
37
What is the greatest common factor of 1880 and 5076?
188
Calculate the highest common divisor of 32 and 37256.
8
What is the greatest common divisor of 1530 and 2910?
30
Calculate the greatest common divisor of 3555 and 45109.
79
What is the greatest common divisor of 2015 and 239475?
155
Calculate the highest common factor of 166 and 13.
1
Calculate the greatest common divisor of 230 and 480010.
230
What is the highest common factor of 136 and 22933?
17
Calculate the highest common factor of 165 and 308655.
15
What is the highest common factor of 7245 and 575?
115
Calculate the highest common factor of 16410 and 105.
15
Calculate the highest common divisor of 120 and 3439640.
40
What is the highest common factor of 1943 and 11323?
67
What is the highest common divisor of 4864 and 1244?
4
Calculate the greatest common factor of 353 and 353.
353
Calculate the highest common divisor of 240593 and 1504.
47
Calculate the greatest common divisor of 530 and 7155.
265
Calculate the greatest common divisor of 440 and 112860.
220
What is the greatest common divisor of 21866 and 3614?
26
Calculate the highest common factor of 48018 and 10176.
318
Calculate the greatest common factor of 1341 and 86271.
447
What is the greatest common factor of 731 and 509711?
17
Calculate the greatest common factor of 53020 and 1100.
220
What is the greatest common factor of 6407 and 15308?
43
Calculate the greatest common factor of 91238 and 532.
266
Calculate the greatest common divisor of 97 and 195067.
97
What is the greatest common factor of 265 and 576375?
265
What is the highest common divisor of 1986 and 27142?
662
Calculate the greatest common divisor of 909 and 22203.
9
What is the grea